{"id":107,"date":"2016-04-26T15:16:33","date_gmt":"2016-04-26T15:16:33","guid":{"rendered":"http:\/\/bridge29.qodeinteractive.com\/?page_id=107"},"modified":"2024-03-18T11:26:31","modified_gmt":"2024-03-18T14:26:31","slug":"contato-2","status":"publish","type":"page","link":"https:\/\/www.ronaldocorreiadebrito.com.br\/site2\/contato-2\/","title":{"rendered":"Contato"},"content":{"rendered":"<div class=\"wpb-content-wrapper\">\t\t<div data-elementor-type=\"wp-page\" data-elementor-id=\"107\" class=\"elementor elementor-107\">\n\t\t\t\t<div class=\"elementor-element elementor-element-57e5ca51 e-flex e-con-boxed parallax_section_no qode_elementor_container_no e-con e-parent\" data-id=\"57e5ca51\" data-element_type=\"container\" data-e-type=\"container\">\n\t\t\t\t\t<div class=\"e-con-inner\">\n\t\t\t\t<div class=\"elementor-element elementor-element-389237b5 elementor-widget elementor-widget-text-editor\" data-id=\"389237b5\" data-element_type=\"widget\" data-e-type=\"widget\" data-widget_type=\"text-editor.default\">\n\t\t\t\t<div class=\"elementor-widget-container\">\n\t\t\t\t\t\t\t\t\t<!--<iframe src=\"https:\/\/www.google.com\/maps\/embed?pb=!1m18!1m12!1m3!1d3674.3121963141803!2d-43.19833382551303!3d-22.938726739011734!2m3!1f0!2f0!3f0!3m2!1i1024!2i768!4f13.1!3m3!1m2!1s0x997fc070c06e81%3A0x3f368566e6d50cdf!2sR.%20Cosme%20Velho%2C%20103%20-%20Cosme%20Velho%2C%20Rio%20de%20Janeiro%20-%20RJ%2C%2022241-125!5e0!3m2!1spt-PT!2sbr!4v1710771914495!5m2!1spt-PT!2sbr\" width=\"600\" height=\"250\" style=\"border:0;\" allowfullscreen=\"\" loading=\"lazy\" referrerpolicy=\"no-referrer-when-downgrade\"><\/iframe>-->\n[vc_row row_type=&#8221;row&#8221; use_row_as_full_screen_section=&#8221;no&#8221; type=&#8221;grid&#8221; angled_section=&#8221;no&#8221; text_align=&#8221;left&#8221; background_image_as_pattern=&#8221;without_pattern&#8221; css_animation=&#8221;&#8221;][vc_column][qode_google_map custom_map_style=&#8221;true&#8221; google_maps_scroll_wheel=&#8221;false&#8221; address1=&#8221;Rua Cosme Velho, 103, 22241-090 &#8211; Rio de Janeiro &#8211; RJ &#8221; map_height=&#8221;500&#8243; pin=&#8221;269&#8243; saturation=&#8221;-100&#8243; lightness=&#8221;0&#8243; zoom=&#8221;16&#8243;][\/vc_column][\/vc_row][vc_row row_type=&#8221;row&#8221; use_row_as_full_screen_section=&#8221;no&#8221; type=&#8221;grid&#8221; angled_section=&#8221;no&#8221; text_align=&#8221;left&#8221; background_image_as_pattern=&#8221;without_pattern&#8221; css_animation=&#8221;&#8221; css=&#8221;.vc_custom_1464745574330{padding-top: 66px !important;}&#8221;][vc_column css=&#8221;.vc_custom_1461685296564{padding-right: 3% !important;}&#8221; offset=&#8221;vc_col-lg-6 vc_col-md-6&#8243;][vc_column_text]\n<h2>Envie uma mensagem<\/h2>\n[\/vc_column_text][vc_separator type=&#8221;transparent&#8221; thickness=&#8221;0&#8243; up=&#8221;0&#8243; down=&#8221;32&#8243;]\n<div class=\"wpcf7 no-js\" id=\"wpcf7-f327-o1\" lang=\"pt-BR\" dir=\"ltr\" data-wpcf7-id=\"327\">\n<div class=\"screen-reader-response\"><p role=\"status\" aria-live=\"polite\" aria-atomic=\"true\"><\/p> <ul><\/ul><\/div>\n<form action=\"\/site2\/wp-json\/wp\/v2\/pages\/107#wpcf7-f327-o1\" method=\"post\" class=\"wpcf7-form init default\" aria-label=\"Formul\u00e1rios de contato\" novalidate=\"novalidate\" data-status=\"init\">\n<fieldset class=\"hidden-fields-container\"><input type=\"hidden\" name=\"_wpcf7\" value=\"327\" \/><input type=\"hidden\" name=\"_wpcf7_version\" value=\"6.1.5\" \/><input type=\"hidden\" name=\"_wpcf7_locale\" value=\"pt_BR\" \/><input type=\"hidden\" name=\"_wpcf7_unit_tag\" value=\"wpcf7-f327-o1\" \/><input type=\"hidden\" name=\"_wpcf7_container_post\" value=\"0\" \/><input type=\"hidden\" name=\"_wpcf7_posted_data_hash\" value=\"\" \/>\n<\/fieldset>\n<p>Seu nome (obrigat\u00f3rio)<br \/>\n    <span class=\"wpcf7-form-control-wrap\" data-name=\"your-name\"><input size=\"40\" maxlength=\"400\" class=\"wpcf7-form-control wpcf7-text wpcf7-validates-as-required\" aria-required=\"true\" aria-invalid=\"false\" value=\"\" type=\"text\" name=\"your-name\" \/><\/span> <\/p>\n\n<p>Seu e-mail (obrigat\u00f3rio)<br \/>\n    <span class=\"wpcf7-form-control-wrap\" data-name=\"your-email\"><input size=\"40\" maxlength=\"400\" class=\"wpcf7-form-control wpcf7-email wpcf7-validates-as-required wpcf7-text wpcf7-validates-as-email\" aria-required=\"true\" aria-invalid=\"false\" value=\"\" type=\"email\" name=\"your-email\" \/><\/span> <\/p>\n\n<p>Assunto<br \/>\n    <span class=\"wpcf7-form-control-wrap\" data-name=\"your-subject\"><input size=\"40\" maxlength=\"400\" class=\"wpcf7-form-control wpcf7-text\" aria-invalid=\"false\" value=\"\" type=\"text\" name=\"your-subject\" \/><\/span> <\/p>\n\n<p>Sua mensagem<br \/>\n    <span class=\"wpcf7-form-control-wrap\" data-name=\"your-message\"><textarea cols=\"40\" rows=\"10\" maxlength=\"2000\" class=\"wpcf7-form-control wpcf7-textarea\" aria-invalid=\"false\" name=\"your-message\"><\/textarea><\/span> <\/p>\n<\/br>\n<p><input class=\"wpcf7-form-control wpcf7-submit has-spinner\" type=\"submit\" value=\"Enviar\" \/><\/p><div class=\"wpcf7-response-output\" aria-hidden=\"true\"><\/div>\n<\/form>\n<\/div>\n[vc_separator type=&#8221;transparent&#8221; thickness=&#8221;0&#8243; up=&#8221;0&#8243; down=&#8221;65&#8243;][\/vc_column][vc_column offset=&#8221;vc_col-lg-6 vc_col-md-6&#8243;][vc_column_text]\n<h2>Bem-vindo<\/h2>\n[\/vc_column_text][vc_separator type=&#8221;transparent&#8221; thickness=&#8221;0&#8243; up=&#8221;0&#8243; down=&#8221;27&#8243;][vc_column_text]O nosso blog est\u00e1 ganhando um novo formato e eu prometo\u00a0mant\u00ea-lo atualizado, com novidades que poder\u00e3o interess\u00e1-lo.\u00a0Divulgue o blog e visite a minha p\u00e1gina no\u00a0Facebook.\n\nPara falar comigo, por favor, envie mensagens pelo formul\u00e1rio ao lado.\n\nSe deseja contatos com a minha editora,\u00a0listo abaixo uma s\u00e9rie de pessoas e endere\u00e7os.\n\n&nbsp;\n<h3>Alfaguara\/Companhia das Letras<\/h3>\n&nbsp;\n\n[unordered_list style=&#8217;circle&#8217; number_type=&#8217;circle_number&#8217; animate=&#8217;no&#8217; font_weight=&#8217;normal&#8217;]\n<ul>\n \t<li>Editor da Alfaguara Brasil: Marcelo Ferroni (<a href=\"mailto:marcelo.ferroni@conpanhiadasletras.com.br\" target=\"_blank\" rel=\"noopener\">marcelo.ferroni@<wbr \/>companhiadasletras.com.br<\/a>)<\/li>\n \t<li>Editora adjunta:\u00a0Luara Fran\u00e7a (<a href=\"mailto:luara.franca@companhiadasletras.com.br\" target=\"_blank\" rel=\"noopener\">luara.franca@<wbr \/>companhiadasletras.com.br<\/a>)<\/li>\n \t<li>Assessoria de imprensa: Felipe Maciel (<a href=\"mailto:felipe.maciel@companhiadasletras.com.br\" target=\"_blank\" rel=\"noopener\">felipe.maciel@<wbr \/>companhiadasletras.com.br<\/a>)<\/li>\n \t<li>Assessoria de eventos: Max Santos (<a href=\"mailto:max.santos@companhiadasletras.com.br\" target=\"_blank\" rel=\"noopener\">max.santos@companhiadasletras.<wbr \/>com.br<\/a>)<\/li>\n \t<li>\n<div>\n\nAlfaguara Infanto-Juvenil: Daniela Duarte (<a href=\"mailto:daniela.duarte@companhiadasletras.com.br\" target=\"_blank\" rel=\"noopener\">daniela.duarte@<wbr \/>companhiadasletras.com.br<\/a>)\n\n[\/unordered_list]\n\n<\/div><\/li>\n<\/ul>\n<h3>INTERNATIONAL LITERARY AGENT<\/h3>\n&nbsp;\n\nAnja Saile:\n\n<a href=\"mailto:info@litag-saile.de\">info@litag-saile.de<\/a>\n\nLiterary Agency\nHiddenseestr. 9a\nD-13189 Berlin\nMobil:\u00a0<a href=\"tel:%2B49-%280%29175%205065782\">+49-(0)175 5065782[\/vc_column_text][vc_separator type=&#8221;transparent&#8221; thickness=&#8221;0&#8243; up=&#8221;0&#8243; down=&#8221;24&#8243;][icons icon=&#8221;fa-facebook&#8221; size=&#8221;fa-lg&#8221; type=&#8221;normal&#8221; custom_size=&#8221;13&#8243; link=&#8221;https:\/\/www.facebook.com\/ronaldocorreiadebrito.oficial\/&#8221; target=&#8221;_blank&#8221; icon_color=&#8221;#2e2e2e&#8221; icon_hover_color=&#8221;#d1af78&#8243; margin=&#8221;0 19px 0 0&#8243;][icons icon=&#8221;fa-twitter&#8221; size=&#8221;fa-lg&#8221; type=&#8221;normal&#8221; custom_size=&#8221;13&#8243; link=&#8221;https:\/\/twitter.com\/ronaldocdebrito&#8221; target=&#8221;_blank&#8221; icon_color=&#8221;#2e2e2e&#8221; icon_hover_color=&#8221;#d1af78&#8243; margin=&#8221;0 19px 0 0&#8243;][icons icon=&#8221;fa-instagram&#8221; size=&#8221;fa-lg&#8221; type=&#8221;normal&#8221; custom_size=&#8221;13&#8243; link=&#8221;https:\/\/www.instagram.com\/&#8221; target=&#8221;_blank&#8221; icon_color=&#8221;#2e2e2e&#8221; icon_hover_color=&#8221;#d1af78&#8243; margin=&#8221;0 19px 0 0&#8243;][vc_separator type=&#8221;transparent&#8221; thickness=&#8221;0&#8243; up=&#8221;0&#8243; down=&#8221;65&#8243;][\/vc_column][\/vc_row][vc_row row_type=&#8221;row&#8221; use_row_as_full_screen_section=&#8221;no&#8221; type=&#8221;grid&#8221; angled_section=&#8221;no&#8221; text_align=&#8221;left&#8221; background_image_as_pattern=&#8221;without_pattern&#8221; css_animation=&#8221;&#8221; css=&#8221;.vc_custom_1461685437439{padding-top: 1px !important;padding-bottom: 90px !important;}&#8221;][vc_column offset=&#8221;vc_col-lg-4 vc_col-md-4&#8243;][vc_row_inner row_type=&#8221;row&#8221; type=&#8221;full_width&#8221; text_align=&#8221;center&#8221; css_animation=&#8221;&#8221; css=&#8221;.vc_custom_1461676468957{margin-right: 0px !important;margin-left: 0px !important;border-top-width: 1px !important;border-right-width: 1px !important;border-bottom-width: 1px !important;border-left-width: 1px !important;border-left-color: #e8e8e8 !important;border-left-style: solid !important;border-right-color: #e8e8e8 !important;border-right-style: solid !important;border-top-color: #e8e8e8 !important;border-top-style: solid !important;border-bottom-color: #e8e8e8 !important;border-bottom-style: solid !important;border-radius: 1px !important;}&#8221;][vc_column_inner][vc_separator type=&#8221;transparent&#8221; thickness=&#8221;0&#8243; up=&#8221;0&#8243; down=&#8221;40&#8243;][vc_column_text]<\/a>\n<h6>Para leitores<\/h6>\n[\/vc_column_text][vc_separator type=&#8221;transparent&#8221; thickness=&#8221;0&#8243; up=&#8221;0&#8243; down=&#8221;17&#8243;][vc_column_text]\n<h2><a href=\"https:\/\/www.facebook.com\/ronaldocorreiadebrito.oficial\/\">Fanpage<\/a><\/h2>\n[\/vc_column_text][vc_separator type=&#8221;transparent&#8221; thickness=&#8221;0&#8243; up=&#8221;0&#8243; down=&#8221;26&#8243;][vc_single_image image=&#8221;322&#8243; img_size=&#8221;full&#8221; alignment=&#8221;center&#8221; onclick=&#8221;custom_link&#8221; img_link_target=&#8221;_blank&#8221; qode_css_animation=&#8221;&#8221; link=&#8221;https:\/\/www.facebook.com\/ronaldocorreiadebrito.oficial\/&#8221;][vc_separator type=&#8221;transparent&#8221; thickness=&#8221;0&#8243; up=&#8221;0&#8243; down=&#8221;39&#8243;][\/vc_column_inner][\/vc_row_inner][vc_separator type=&#8221;transparent&#8221; thickness=&#8221;0&#8243; up=&#8221;0&#8243; down=&#8221;30&#8243;][\/vc_column][vc_column offset=&#8221;vc_col-lg-4 vc_col-md-4&#8243;][vc_row_inner row_type=&#8221;row&#8221; type=&#8221;full_width&#8221; text_align=&#8221;center&#8221; css_animation=&#8221;&#8221; css=&#8221;.vc_custom_1461676468957{margin-right: 0px !important;margin-left: 0px !important;border-top-width: 1px !important;border-right-width: 1px !important;border-bottom-width: 1px !important;border-left-width: 1px !important;border-left-color: #e8e8e8 !important;border-left-style: solid !important;border-right-color: #e8e8e8 !important;border-right-style: solid !important;border-top-color: #e8e8e8 !important;border-top-style: solid !important;border-bottom-color: #e8e8e8 !important;border-bottom-style: solid !important;border-radius: 1px !important;}&#8221;][vc_column_inner][vc_separator type=&#8221;transparent&#8221; thickness=&#8221;0&#8243; up=&#8221;0&#8243; down=&#8221;40&#8243;][vc_column_text]\n<h6>Para leitores<\/h6>\n[\/vc_column_text][vc_separator type=&#8221;transparent&#8221; thickness=&#8221;0&#8243; up=&#8221;0&#8243; down=&#8221;17&#8243;][vc_column_text]\n<h2><a href=\"https:\/\/twitter.com\/ronaldocdebrito\">Twitter<\/a><\/h2>\n[\/vc_column_text][vc_separator type=&#8221;transparent&#8221; thickness=&#8221;0&#8243; up=&#8221;0&#8243; down=&#8221;26&#8243;][vc_single_image image=&#8221;319&#8243; img_size=&#8221;full&#8221; alignment=&#8221;center&#8221; onclick=&#8221;custom_link&#8221; img_link_target=&#8221;_blank&#8221; qode_css_animation=&#8221;&#8221; link=&#8221;https:\/\/twitter.com\/ronaldocdebrito&#8221;][vc_separator type=&#8221;transparent&#8221; thickness=&#8221;0&#8243; up=&#8221;0&#8243; down=&#8221;39&#8243;][\/vc_column_inner][\/vc_row_inner][vc_separator type=&#8221;transparent&#8221; thickness=&#8221;0&#8243; up=&#8221;0&#8243; down=&#8221;30&#8243;][\/vc_column][vc_column offset=&#8221;vc_col-lg-4 vc_col-md-4&#8243;][vc_row_inner row_type=&#8221;row&#8221; type=&#8221;full_width&#8221; text_align=&#8221;center&#8221; css_animation=&#8221;&#8221; css=&#8221;.vc_custom_1461676468957{margin-right: 0px !important;margin-left: 0px !important;border-top-width: 1px !important;border-right-width: 1px !important;border-bottom-width: 1px !important;border-left-width: 1px !important;border-left-color: #e8e8e8 !important;border-left-style: solid !important;border-right-color: #e8e8e8 !important;border-right-style: solid !important;border-top-color: #e8e8e8 !important;border-top-style: solid !important;border-bottom-color: #e8e8e8 !important;border-bottom-style: solid !important;border-radius: 1px !important;}&#8221;][vc_column_inner][vc_separator type=&#8221;transparent&#8221; thickness=&#8221;0&#8243; up=&#8221;0&#8243; down=&#8221;40&#8243;][vc_column_text]\n<h6>Para leitores<\/h6>\n[\/vc_column_text][vc_separator type=&#8221;transparent&#8221; thickness=&#8221;0&#8243; up=&#8221;0&#8243; down=&#8221;17&#8243;][vc_column_text]\n<h2>Blog<\/h2>\n[\/vc_column_text][vc_separator type=&#8221;transparent&#8221; thickness=&#8221;0&#8243; up=&#8221;0&#8243; down=&#8221;26&#8243;][vc_single_image image=&#8221;244&#8243; img_size=&#8221;full&#8221; alignment=&#8221;center&#8221; onclick=&#8221;custom_link&#8221; img_link_target=&#8221;_blank&#8221; qode_css_animation=&#8221;&#8221; link=&#8221;http:\/\/www.ronaldocorreiadebrito.com.br\/site2\/blog\/&#8221;][vc_separator type=&#8221;transparent&#8221; thickness=&#8221;0&#8243; up=&#8221;0&#8243; down=&#8221;39&#8243;][\/vc_column_inner][\/vc_row_inner][vc_separator type=&#8221;transparent&#8221; thickness=&#8221;0&#8243; up=&#8221;0&#8243; down=&#8221;30&#8243;][\/vc_column][\/vc_row]\t\t\t\t\t\t\t\t<\/div>\n\t\t\t\t<\/div>\n\t\t\t\t\t<\/div>\n\t\t\t\t<\/div>\n\t\t\t\t<\/div>\n\t\t<\/div>","protected":false},"excerpt":{"rendered":"<p>[vc_row row_type=&#8221;row&#8221; use_row_as_full_screen_section=&#8221;no&#8221; type=&#8221;grid&#8221; angled_section=&#8221;no&#8221; text_align=&#8221;left&#8221; background_image_as_pattern=&#8221;without_pattern&#8221; css_animation=&#8221;&#8221;][vc_column][qode_google_map custom_map_style=&#8221;true&#8221; google_maps_scroll_wheel=&#8221;false&#8221; address1=&#8221;Rua Cosme Velho, 103, 22241-090 &#8211; Rio de Janeiro &#8211; RJ &#8221; map_height=&#8221;500&#8243; pin=&#8221;269&#8243; saturation=&#8221;-100&#8243; lightness=&#8221;0&#8243; zoom=&#8221;16&#8243;][\/vc_column][\/vc_row][vc_row row_type=&#8221;row&#8221; use_row_as_full_screen_section=&#8221;no&#8221; type=&#8221;grid&#8221; angled_section=&#8221;no&#8221; text_align=&#8221;left&#8221; background_image_as_pattern=&#8221;without_pattern&#8221; css_animation=&#8221;&#8221; css=&#8221;.vc_custom_1464745574330{padding-top: 66px !important;}&#8221;][vc_column css=&#8221;.vc_custom_1461685296564{padding-right: 3% !important;}&#8221; offset=&#8221;vc_col-lg-6 vc_col-md-6&#8243;][vc_column_text] Envie uma mensagem&#8230;<\/p>\n","protected":false},"author":1,"featured_media":0,"parent":0,"menu_order":0,"comment_status":"closed","ping_status":"closed","template":"full_width.php","meta":{"sfsi_plus_gutenberg_text_before_share":"","sfsi_plus_gutenberg_show_text_before_share":"","sfsi_plus_gutenberg_icon_type":"","sfsi_plus_gutenberg_icon_alignemt":"","sfsi_plus_gutenburg_max_per_row":"","footnotes":""},"class_list":["post-107","page","type-page","status-publish","hentry"],"yoast_head":"<!-- This site is optimized with the Yoast SEO plugin v27.4 - https:\/\/yoast.com\/product\/yoast-seo-wordpress\/ -->\n<title>Contato | Ronaldo Correia de Brito | site oficial<\/title>\n<meta name=\"description\" content=\"Entre em contato com o escritor Ronaldo Correia de Brito\" \/>\n<meta name=\"robots\" content=\"index, follow, max-snippet:-1, max-image-preview:large, max-video-preview:-1\" \/>\n<link rel=\"canonical\" href=\"https:\/\/www.ronaldocorreiadebrito.com.br\/site2\/contato-2\/\" \/>\n<meta property=\"og:locale\" content=\"pt_BR\" \/>\n<meta property=\"og:type\" content=\"article\" \/>\n<meta property=\"og:title\" content=\"Contato | Ronaldo Correia de Brito | site oficial\" \/>\n<meta property=\"og:description\" content=\"Entre em contato com o escritor Ronaldo Correia de Brito\" \/>\n<meta property=\"og:url\" content=\"https:\/\/www.ronaldocorreiadebrito.com.br\/site2\/contato-2\/\" \/>\n<meta property=\"og:site_name\" content=\"Ronaldo Correia de Brito | site oficial\" \/>\n<meta property=\"article:publisher\" content=\"https:\/\/www.facebook.com\/ronaldocorreiadebrito.oficial\" \/>\n<meta property=\"article:modified_time\" content=\"2024-03-18T14:26:31+00:00\" \/>\n<meta property=\"og:image\" content=\"http:\/\/www.ronaldocorreiadebrito.com.br\/site2\/wp-content\/uploads\/2014\/04\/Foto-Duran-4.jpg\" \/>\n<meta name=\"twitter:card\" content=\"summary_large_image\" \/>\n<meta name=\"twitter:label1\" content=\"Est. tempo de leitura\" \/>\n\t<meta name=\"twitter:data1\" content=\"3 minutos\" \/>\n<script type=\"application\/ld+json\" class=\"yoast-schema-graph\">{\"@context\":\"https:\\\/\\\/schema.org\",\"@graph\":[{\"@type\":\"WebPage\",\"@id\":\"https:\\\/\\\/www.ronaldocorreiadebrito.com.br\\\/site2\\\/contato-2\\\/\",\"url\":\"https:\\\/\\\/www.ronaldocorreiadebrito.com.br\\\/site2\\\/contato-2\\\/\",\"name\":\"Contato | Ronaldo Correia de Brito | site oficial\",\"isPartOf\":{\"@id\":\"https:\\\/\\\/www.ronaldocorreiadebrito.com.br\\\/site2\\\/#website\"},\"datePublished\":\"2016-04-26T15:16:33+00:00\",\"dateModified\":\"2024-03-18T14:26:31+00:00\",\"description\":\"Entre em contato com o escritor Ronaldo Correia de Brito\",\"breadcrumb\":{\"@id\":\"https:\\\/\\\/www.ronaldocorreiadebrito.com.br\\\/site2\\\/contato-2\\\/#breadcrumb\"},\"inLanguage\":\"pt-BR\",\"potentialAction\":[{\"@type\":\"ReadAction\",\"target\":[\"https:\\\/\\\/www.ronaldocorreiadebrito.com.br\\\/site2\\\/contato-2\\\/\"]}]},{\"@type\":\"BreadcrumbList\",\"@id\":\"https:\\\/\\\/www.ronaldocorreiadebrito.com.br\\\/site2\\\/contato-2\\\/#breadcrumb\",\"itemListElement\":[{\"@type\":\"ListItem\",\"position\":1,\"name\":\"In\u00edcio\",\"item\":\"https:\\\/\\\/www.ronaldocorreiadebrito.com.br\\\/site2\\\/\"},{\"@type\":\"ListItem\",\"position\":2,\"name\":\"Contato\"}]},{\"@type\":\"WebSite\",\"@id\":\"https:\\\/\\\/www.ronaldocorreiadebrito.com.br\\\/site2\\\/#website\",\"url\":\"https:\\\/\\\/www.ronaldocorreiadebrito.com.br\\\/site2\\\/\",\"name\":\"Ronaldo Correia de Brito | site oficial\",\"description\":\"Site oficial do escritor Ronaldo Correia de Brito\",\"potentialAction\":[{\"@type\":\"SearchAction\",\"target\":{\"@type\":\"EntryPoint\",\"urlTemplate\":\"https:\\\/\\\/www.ronaldocorreiadebrito.com.br\\\/site2\\\/?s={search_term_string}\"},\"query-input\":{\"@type\":\"PropertyValueSpecification\",\"valueRequired\":true,\"valueName\":\"search_term_string\"}}],\"inLanguage\":\"pt-BR\"}]}<\/script>\n<!-- \/ Yoast SEO plugin. -->","yoast_head_json":{"title":"Contato | Ronaldo Correia de Brito | site oficial","description":"Entre em contato com o escritor Ronaldo Correia de Brito","robots":{"index":"index","follow":"follow","max-snippet":"max-snippet:-1","max-image-preview":"max-image-preview:large","max-video-preview":"max-video-preview:-1"},"canonical":"https:\/\/www.ronaldocorreiadebrito.com.br\/site2\/contato-2\/","og_locale":"pt_BR","og_type":"article","og_title":"Contato | Ronaldo Correia de Brito | site oficial","og_description":"Entre em contato com o escritor Ronaldo Correia de Brito","og_url":"https:\/\/www.ronaldocorreiadebrito.com.br\/site2\/contato-2\/","og_site_name":"Ronaldo Correia de Brito | site oficial","article_publisher":"https:\/\/www.facebook.com\/ronaldocorreiadebrito.oficial","article_modified_time":"2024-03-18T14:26:31+00:00","og_image":[{"url":"http:\/\/www.ronaldocorreiadebrito.com.br\/site2\/wp-content\/uploads\/2014\/04\/Foto-Duran-4.jpg","type":"","width":"","height":""}],"twitter_card":"summary_large_image","twitter_misc":{"Est. tempo de leitura":"3 minutos"},"schema":{"@context":"https:\/\/schema.org","@graph":[{"@type":"WebPage","@id":"https:\/\/www.ronaldocorreiadebrito.com.br\/site2\/contato-2\/","url":"https:\/\/www.ronaldocorreiadebrito.com.br\/site2\/contato-2\/","name":"Contato | Ronaldo Correia de Brito | site oficial","isPartOf":{"@id":"https:\/\/www.ronaldocorreiadebrito.com.br\/site2\/#website"},"datePublished":"2016-04-26T15:16:33+00:00","dateModified":"2024-03-18T14:26:31+00:00","description":"Entre em contato com o escritor Ronaldo Correia de Brito","breadcrumb":{"@id":"https:\/\/www.ronaldocorreiadebrito.com.br\/site2\/contato-2\/#breadcrumb"},"inLanguage":"pt-BR","potentialAction":[{"@type":"ReadAction","target":["https:\/\/www.ronaldocorreiadebrito.com.br\/site2\/contato-2\/"]}]},{"@type":"BreadcrumbList","@id":"https:\/\/www.ronaldocorreiadebrito.com.br\/site2\/contato-2\/#breadcrumb","itemListElement":[{"@type":"ListItem","position":1,"name":"In\u00edcio","item":"https:\/\/www.ronaldocorreiadebrito.com.br\/site2\/"},{"@type":"ListItem","position":2,"name":"Contato"}]},{"@type":"WebSite","@id":"https:\/\/www.ronaldocorreiadebrito.com.br\/site2\/#website","url":"https:\/\/www.ronaldocorreiadebrito.com.br\/site2\/","name":"Ronaldo Correia de Brito | site oficial","description":"Site oficial do escritor Ronaldo Correia de Brito","potentialAction":[{"@type":"SearchAction","target":{"@type":"EntryPoint","urlTemplate":"https:\/\/www.ronaldocorreiadebrito.com.br\/site2\/?s={search_term_string}"},"query-input":{"@type":"PropertyValueSpecification","valueRequired":true,"valueName":"search_term_string"}}],"inLanguage":"pt-BR"}]}},"wps_subtitle":"","_links":{"self":[{"href":"https:\/\/www.ronaldocorreiadebrito.com.br\/site2\/wp-json\/wp\/v2\/pages\/107","targetHints":{"allow":["GET"]}}],"collection":[{"href":"https:\/\/www.ronaldocorreiadebrito.com.br\/site2\/wp-json\/wp\/v2\/pages"}],"about":[{"href":"https:\/\/www.ronaldocorreiadebrito.com.br\/site2\/wp-json\/wp\/v2\/types\/page"}],"author":[{"embeddable":true,"href":"https:\/\/www.ronaldocorreiadebrito.com.br\/site2\/wp-json\/wp\/v2\/users\/1"}],"replies":[{"embeddable":true,"href":"https:\/\/www.ronaldocorreiadebrito.com.br\/site2\/wp-json\/wp\/v2\/comments?post=107"}],"version-history":[{"count":0,"href":"https:\/\/www.ronaldocorreiadebrito.com.br\/site2\/wp-json\/wp\/v2\/pages\/107\/revisions"}],"wp:attachment":[{"href":"https:\/\/www.ronaldocorreiadebrito.com.br\/site2\/wp-json\/wp\/v2\/media?parent=107"}],"curies":[{"name":"wp","href":"https:\/\/api.w.org\/{rel}","templated":true}]}}