{"version":"1.0","provider_name":"Ronaldo Correia de Brito | site oficial","provider_url":"https:\/\/www.ronaldocorreiadebrito.com.br\/site2","author_name":"admin","author_url":"https:\/\/www.ronaldocorreiadebrito.com.br\/site2\/author\/admin\/","title":"Di\u00e1rio do isolamento 2 | Ronaldo Correia de Brito | site oficial","type":"rich","width":600,"height":338,"html":"<blockquote class=\"wp-embedded-content\" data-secret=\"o6swzeLRTD\"><a href=\"https:\/\/www.ronaldocorreiadebrito.com.br\/site2\/2020\/04\/diario-do-isolamento-2\/\">Di\u00e1rio do isolamento 2<\/a><\/blockquote><iframe sandbox=\"allow-scripts\" security=\"restricted\" src=\"https:\/\/www.ronaldocorreiadebrito.com.br\/site2\/2020\/04\/diario-do-isolamento-2\/embed\/#?secret=o6swzeLRTD\" width=\"600\" height=\"338\" title=\"&#8220;Di\u00e1rio do isolamento 2&#8221; &#8212; Ronaldo Correia de Brito | site oficial\" data-secret=\"o6swzeLRTD\" frameborder=\"0\" marginwidth=\"0\" marginheight=\"0\" scrolling=\"no\" class=\"wp-embedded-content\"><\/iframe><script type=\"text\/javascript\">\n\/* <![CDATA[ *\/\n\/*! This file is auto-generated *\/\n!function(d,l){\"use strict\";l.querySelector&&d.addEventListener&&\"undefined\"!=typeof URL&&(d.wp=d.wp||{},d.wp.receiveEmbedMessage||(d.wp.receiveEmbedMessage=function(e){var t=e.data;if((t||t.secret||t.message||t.value)&&!\/[^a-zA-Z0-9]\/.test(t.secret)){for(var s,r,n,a=l.querySelectorAll('iframe[data-secret=\"'+t.secret+'\"]'),o=l.querySelectorAll('blockquote[data-secret=\"'+t.secret+'\"]'),c=new RegExp(\"^https?:$\",\"i\"),i=0;i<o.length;i++)o[i].style.display=\"none\";for(i=0;i<a.length;i++)s=a[i],e.source===s.contentWindow&&(s.removeAttribute(\"style\"),\"height\"===t.message?(1e3<(r=parseInt(t.value,10))?r=1e3:~~r<200&&(r=200),s.height=r):\"link\"===t.message&&(r=new URL(s.getAttribute(\"src\")),n=new URL(t.value),c.test(n.protocol))&&n.host===r.host&&l.activeElement===s&&(d.top.location.href=t.value))}},d.addEventListener(\"message\",d.wp.receiveEmbedMessage,!1),l.addEventListener(\"DOMContentLoaded\",function(){for(var e,t,s=l.querySelectorAll(\"iframe.wp-embedded-content\"),r=0;r<s.length;r++)(t=(e=s[r]).getAttribute(\"data-secret\"))||(t=Math.random().toString(36).substring(2,12),e.src+=\"#?secret=\"+t,e.setAttribute(\"data-secret\",t)),e.contentWindow.postMessage({message:\"ready\",secret:t},\"*\")},!1)))}(window,document);\n\/\/# sourceURL=https:\/\/www.ronaldocorreiadebrito.com.br\/site2\/wp-includes\/js\/wp-embed.min.js\n\/* ]]> *\/\n<\/script>\n","thumbnail_url":"https:\/\/www.ronaldocorreiadebrito.com.br\/site2\/wp-content\/uploads\/2020\/04\/Ronaldo.jpg","thumbnail_width":525,"thumbnail_height":421,"description":"(Ter\u00e7a-feira, 07 de abril) Uns amigos me telefonaram bem cedo, preocupados com a reuni\u00e3o do presidente com seus ministros, no final da tarde. At\u00e9 isso nos ocupa?, pensei chateado. Havia risco do ministro da sa\u00fade ser demitido. Por conta das posturas assumidas na pandemia, al\u00e7aram..."}

Diário do isolamento 2 | Ronaldo Correia de Brito | site oficial

<blockquote class="wp-embedded-content" data-secret="o6swzeLRTD"><a href="https://www.ronaldocorreiadebrito.com.br/site2/2020/04/diario-do-isolamento-2/">Diário do isolamento 2</a></blockquote><iframe sandbox="allow-scripts" security="restricted" src="https://www.ronaldocorreiadebrito.com.br/site2/2020/04/diario-do-isolamento-2/embed/#?secret=o6swzeLRTD" width="600" height="338" title="&#8220;Diário do isolamento 2&#8221; &#8212; Ronaldo Correia de Brito | site oficial" data-secret="o6swzeLRTD" frameborder="0" marginwidth="0" marginheight="0" scrolling="no" class="wp-embedded-content"></iframe><script type="text/javascript">
/* <![CDATA[ */
/*! This file is auto-generated */
!function(d,l){"use strict";l.querySelector&&d.addEventListener&&"undefined"!=typeof URL&&(d.wp=d.wp||{},d.wp.receiveEmbedMessage||(d.wp.receiveEmbedMessage=function(e){var t=e.data;if((t||t.secret||t.message||t.value)&&!/[^a-zA-Z0-9]/.test(t.secret)){for(var s,r,n,a=l.querySelectorAll('iframe[data-secret="'+t.secret+'"]'),o=l.querySelectorAll('blockquote[data-secret="'+t.secret+'"]'),c=new RegExp("^https?:$","i"),i=0;i<o.length;i++)o[i].style.display="none";for(i=0;i<a.length;i++)s=a[i],e.source===s.contentWindow&&(s.removeAttribute("style"),"height"===t.message?(1e3<(r=parseInt(t.value,10))?r=1e3:~~r<200&&(r=200),s.height=r):"link"===t.message&&(r=new URL(s.getAttribute("src")),n=new URL(t.value),c.test(n.protocol))&&n.host===r.host&&l.activeElement===s&&(d.top.location.href=t.value))}},d.addEventListener("message",d.wp.receiveEmbedMessage,!1),l.addEventListener("DOMContentLoaded",function(){for(var e,t,s=l.querySelectorAll("iframe.wp-embedded-content"),r=0;r<s.length;r++)(t=(e=s[r]).getAttribute("data-secret"))||(t=Math.random().toString(36).substring(2,12),e.src+="#?secret="+t,e.setAttribute("data-secret",t)),e.contentWindow.postMessage({message:"ready",secret:t},"*")},!1)))}(window,document);
//# sourceURL=https://www.ronaldocorreiadebrito.com.br/site2/wp-includes/js/wp-embed.min.js
/* ]]> */
</script>

(Terça-feira, 07 de abril) Uns amigos me telefonaram bem cedo, preocupados com a reunião do presidente com seus ministros, no final da tarde. Até isso nos ocupa?, pensei chateado. Havia risco do ministro da saúde ser demitido. Por conta das posturas assumidas na pandemia, alçaram...
